me factors of 428120989.
1039, 412051
List the prime factors of 1004409638.
2, 12757, 39367
What are the prime factors of 442221800?
2, 5, 2211109
List the prime factors of 250849930.
2, 5, 3067, 8179
What are the prime factors of 68038775?
5, 7, 388793
What are the prime factors of 104379703?
263, 396881
What are the prime factors of 788990516?
2, 37, 197, 27061
List the prime factors of 434510681.
11, 39500971
List the prime factors of 155132578.
2, 2141, 36229
List the prime factors of 3903702194.
2, 7, 557, 500603
List the prime factors of 264713944.
2, 11, 3008113
What are the prime factors of 68161061?
307, 222023
List the prime factors of 7867881.
3, 7, 19, 313
What are the prime factors of 40511416?
2, 11, 67, 6871
What are the prime factors of 1015135389?
3, 37597607
List the prime factors of 16934588.
2, 11, 241, 1597
List the prime factors of 1838892019.
547, 773, 4349
What are the prime factors of 50146675?
5, 617, 3251
List the prime factors of 518050771.
7, 8537, 8669
What are the prime factors of 74597224?
2, 13, 17, 42193
List the prime factors of 237375359.
13, 199, 91757
What are the prime factors of 730100438?
2, 509, 717191
List the prime factors of 788028547.
788028547
List the prime factors of 1387559422.
2, 37, 3229, 5807
What are the prime factors of 3047043212?
2, 17, 83, 277, 1949
What are the prime factors of 14673671?
1283, 11437
What are the prime factors of 75863182?
2, 5237, 7243
What are the prime factors of 36372987?
3, 7, 577349
List the prime factors of 16833479.
13, 83, 15601
What are the prime factors of 535728022?
2, 267864011
What are the prime factors of 142407152?
2, 8900447
What are the prime factors of 979260494?
2, 19, 25770013
List the prime factors of 1236665.
5, 17, 14549
List the prime factors of 332430921.
3, 36936769
What are the prime factors of 2767526436?
2, 3, 83, 131, 21211
What are the prime factors of 13263200?
2, 5, 59, 281
List the prime factors of 694954500.
2, 3, 5, 463303
What are the prime factors of 20410300?
2, 5, 53, 3851
What are the prime factors of 1522399849?
3709, 410461
List the prime factors of 67850885.
5, 59, 230003
What are the prime factors of 2696022091?
7, 29, 271, 7001
What are the prime factors of 72271313?
23, 3142231
What are the prime factors of 444782494?
2, 13, 787, 21737
List the prime factors of 106975399.
37, 1289, 2243
List the prime factors of 44576673.
3, 14858891
List the prime factors of 183821970.
2, 3, 5, 6127399
List the prime factors of 5332747017.
3, 13, 17, 73, 110183
List the prime factors of 8458609660.
2, 5, 422930483
List the prime factors of 8031052.
2, 2007763
What are the prime factors of 1984003829?
1303, 1522643
List the prime factors of 6439841.
19, 73, 4643
What are the prime factors of 281670520?
2, 5, 163, 43201
What are the prime factors of 2553927059?
53, 48187303
What are the prime factors of 82764006?
2, 3, 13, 151, 7027
What are the prime factors of 1075858167?
3, 4019, 89231
What are the prime factors of 1521651512?
2, 89, 2137151
What are the prime factors of 143693265?
3, 5, 17, 563503
List the prime factors of 71166522.
2, 3, 7, 17, 29, 491
What are the prime factors of 96760304?
2, 6047519
List the prime factors of 1427626549.
2017, 707797
List the prime factors of 2665954484.
2, 17, 53, 821
What are the prime factors of 708574901?
37, 83, 179, 1289
What are the prime factors of 162064526?
2, 13, 73, 103, 829
List the prime factors of 738564942.
2, 3, 61, 751, 2687
What are the prime factors of 471545030?
2, 5, 11, 31, 138283
List the prime factors of 152117805.
3, 5, 7, 67, 3089
List the prime factors of 199424148.
2, 3, 7, 11, 215827
List the prime factors of 101335512.
2, 3, 19, 29, 79, 97
What are the prime factors of 1140462289?
17, 19, 131, 26953
What are the prime factors of 3639416108?
2, 5897, 154291
List the prime factors of 32241521.
13, 167, 14851
List the prime factors of 195642619.
195642619
What are the prime factors of 850001355?
3, 5, 7, 101, 26717
List the prime factors of 8414261935.
5, 113, 181, 82279
List the prime factors of 3541511100.
2, 3, 5, 47, 251171
List the prime factors of 43163179.
43163179
What are the prime factors of 60597312?
2, 3, 31, 10181
List the prime factors of 75155470.
2, 5, 13, 17, 31, 1097
What are the prime factors of 112255398?
2, 3, 6236411
What are the prime factors of 1807720208?
2, 7, 71, 281, 809
What are the prime factors of 45516451?
227, 200513
List the prime factors of 222952649.
2267, 98347
List the prime factors of 1925360158.
2, 179, 5378101
List the prime factors of 1065210313.
31, 523, 65701
What are the prime factors of 5235305870?
2, 5, 523530587
List the prime factors of 92824125.
3, 5, 247531
List the prime factors of 301212446.
2, 7723, 19501
List the prime factors of 426643549.
43, 109, 227, 401
List the prime factors of 598276669.
598276669
List the prime factors of 3375971.
157, 21503
What are the prime factors of 3191579865?
3, 5, 1871, 37907
What are the prime factors of 1124895512?
2, 13, 31, 383, 911
What are the prime factors of 1848205333?
13, 3229, 44029
List the prime factors of 250430758.
2, 47, 1279, 2083
List the prime factors of 268033429.
2153, 124493
What are the prime factors of 38671874?
2, 53, 364829
List the prime factors of 148865299.
11, 13533209
List the prime factors of 2274473792.
2, 17, 2090509
List the prime factors of 167452155.
3, 5, 13, 286243
List the prime factors of 97161927.
3, 5333, 6073
What are the prime factors of 11374537?
167, 68111
What are the prime factors of 178668529?
13, 41, 335213
What are the prime factors of 2302475680?
2, 5, 457, 31489
List the prime factors of 6335624925.
3, 5, 7, 29, 46237
List the prime factors of 264208167.
3, 19, 163, 9479
What are the prime factors of 22078145?
5, 487, 9067
List the prime factors of 777542293.
11, 70685663
List the prime factors of 139221200.
2, 5, 348053
What are the prime factors of 587542377?
3, 19, 10307761
What are the prime factors of 377162462?
2, 188581231
List the prime factors of 132783603.
3, 53, 835117
List the prime factors of 26336886.
2, 3, 23, 139, 1373
What are the prime factors of 143195050?
2, 5, 827, 3463
What are the prime factors of 4209740?
2, 5, 210487
List the prime factors of 1881263127.
3, 23, 599, 1979
What are the prime factors of 28324492?
2, 7, 1011589
List the prime factors of 1852303420.
2, 5, 11, 1051, 8011
What are the prime factors of 153933011?
17, 31, 292093
List the prime factors of 29921543.
29921543
What are the prime factors of 39695658?
2, 3, 6615943
List the prime factors of 114841.
41, 2801
What are the prime factors of 110769756?
2, 3, 17, 89, 6101
List the prime factors of 1957528261.
13, 607, 248071
What are the prime factors of 166387505?
5, 33277501
What are the prime factors of 223514994?
2, 3, 401, 92899
List the prime factors of 35507223.
3, 29, 136043
List the prime factors of 56462849.
103, 277, 1979
List the prime factors of 53352917.
3257, 16381
List the prime factors of 142371693.
3, 19, 832583
What are the prime factors of 12482186?
2, 61, 101, 1013
List the prime factors of 6760536.
2, 3, 101, 2789
What are the prime factors of 1679008416?
2, 3, 19, 920509
List the prime factors of 109253803.
47, 149, 15601
What are the prime factors of 98279561?
181, 542981
What are the prime factors of 2319532478?
2, 137, 179, 47293
List the prime factors of 2521071765.
3, 5, 56023817
What are the prime factors of 2932542594?
2, 3, 5189, 31397
What are the prime factors of 39293741?
37, 1061993
List the prime factors of 694521603.
3, 7901, 9767
What are the prime factors of 4493565813?
3, 11, 421, 323441
List the prime factors of 4579309245.
3, 5, 7, 43612469
List the prime factors of 56223344.
2, 29, 121171
What are the prime factors of 212895319?
7, 13, 139, 16831
What are the prime factors of 437496129?
3, 7, 739, 9397
What are the prime factors of 229621763?
7, 43, 113, 157
List the prime factors of 148702178.
2, 74351089
What are the prime factors of 93717093?
3, 151, 443, 467
List the prime factors of 910197396.
2, 3, 25283261
List the prime factors of 134859837.
3, 7, 61, 105277
List the prime factors of 3136410668.
2, 29, 27038023
List the prime factors of 177938282.
2, 88969141
List the prime factors of 495463